{"id":185,"date":"2014-12-10T14:17:53","date_gmt":"2014-12-10T14:17:53","guid":{"rendered":"http:\/\/www.brasoesdefamilia.pt\/wordpress\/?page_id=185"},"modified":"2017-11-27T14:26:00","modified_gmt":"2017-11-27T14:26:00","slug":"contexto","status":"publish","type":"page","link":"https:\/\/www.brasoesdefamilia.pt\/wordpress\/?page_id=185","title":{"rendered":"Contextualiza\u00e7\u00e3o hist\u00f3rica da H\u00e9raldica e respectivos Bras\u00f5es em Portugal"},"content":{"rendered":"<p>A utiliza\u00e7\u00e3o de determinados s\u00edmbolos e cores como forma de identificar indiv\u00edduos, fam\u00edlias, tribos ou cl\u00e3s \u00e9 um fen\u00f3meno universal e com ra\u00edzes remot\u00edssimas. \u00c9 imposs\u00edvel determinar com rigor quando teve in\u00edcio a pr\u00e1tica de empregar s\u00edmbolos como marcas de posse; ainda antes do seu aparecimento nos escudos, encontram-se emblemas proto-her\u00e1ldicos em selos (de cera ou chumbo) e sinetes. A Her\u00e1ldica \u00e9 um aspecto particular desta tend\u00eancia humana, que se tornou, na Idade M\u00e9dia Europeia, num sistema com regras precisas e aplica\u00e7\u00e3o generalizada.<\/p>\n<p>N\u00e3o existe uniformidade de opini\u00f5es entre os historiadores sobre o momento em que se pode situar o nascimento da Her\u00e1ldica. Durante muito tempo foi corrente relacionar-se o in\u00edcio do uso de emblemas de natureza her\u00e1ldica no Ocidente com as Cruzadas, devido ao contacto com a cultura oriental. \u00c9 um facto que a her\u00e1ldica tem semelhan\u00e7as com a simbologia \u00e1rabe; por outro lado, os Cruzados empregavam a cruz, sob diversas formas, como forma de se reconhecerem, e a cruz \u00e9 uma das pe\u00e7as her\u00e1ldicas mais antigas; mas, para al\u00e9m de uma coincid\u00eancia cronol\u00f3gica, n\u00e3o est\u00e1 provado que tenha sido com as Cruzadas que o mundo medieval adoptou o sistema de identifica\u00e7\u00e3o pessoal que se veio a tornar na Her\u00e1ldica. Inclusivamente, os primeiros Cruzados j\u00e1 levavam consigo escudos pintados e emblemas her\u00e1ldicos&#8230;<\/p>\n<p>Uma teoria recente (de meados do s\u00e9culo XX&#8230;) faz recuar as origens da Her\u00e1ldica para a invas\u00e3o \u00e1rabe de 711. A comprovar-se, ent\u00e3o a Her\u00e1ldica teria nascido na Pen\u00ednsula Ib\u00e9rica, o que explicaria a simplicidade e pureza her\u00e1ldica de alguns dos bras\u00f5es de armas mais antigos da Pen\u00ednsula (como, por exemplo, os escudos de Le\u00e3o, Castela, Navarra e Arag\u00e3o, e o escudo presum\u00edvel de D. Afonso Henriques, as primeiras armas de Portugal).<\/p>\n<p>Seja como for, parece indiscut\u00edvel que o uso organizado e codificado de s\u00edmbolos her\u00e1ldicos apenas se verificou a partir do s\u00e9culo XII, como resultado da evolu\u00e7\u00e3o de s\u00edmbolos e marcas de posse muito mais antigas.<\/p>\n<p>Mas a Her\u00e1ldica n\u00e3o se pode dissociar dos cavaleiros medievais e, particularmente, da guerra e dos torneios.<\/p>\n<p>O uso de armaduras completas e, muito particularmente, dos elmos que cobriam completamente o rosto tornou necess\u00e1rio um sistema de identifica\u00e7\u00e3o claro e facilmente vis\u00edvel de longe. Um cavaleiro medieval dentro da sua armadura era virtualmente imposs\u00edvel de distinguir, no calor de uma batalha ou desde a bancada de um torneio, de qualquer outro com uma armadura semelhante; os reis e chefes militares eram dif\u00edceis de identificar e seguir; durante um combate, amigos e inimigos confundiam-se. Estes factores levaram, desde meados do s\u00e9culo XII, ao uso de emblemas pessoais pintados nos escudos e elmos e, por vezes, nas roupas do cavaleiro ou na cobertura da montada.<\/p>\n<p>Nos torneios, os elmos eram, quase sempre, encimados por uma figura em relevo (frequentemente uma pe\u00e7a do escudo), o timbre, que mais facilitava a identifica\u00e7\u00e3o dos contendores.<\/p>\n<p>O uso de escudos pintados com s\u00edmbolos pessoais generaliza-se rapidamente, e \u00e9 adoptado por toda a classe guerreira e, de uma forma geral, por toda a aristocracia (e mesmo por alguns munic\u00edpios e corpora\u00e7\u00f5es, que transp\u00f5em para selos os emblemas proto-her\u00e1ldicos das bandeiras que empunhavam nas batalhas).<\/p>\n<p>Cada novo cavaleiro assume as suas armas em fun\u00e7\u00e3o de diversos factores, como a linhagem, o territ\u00f3rio, as rela\u00e7\u00f5es familiares ou os compromissos feudais.<\/p>\n<p>Para evitar duplica\u00e7\u00f5es e confus\u00f5es, os emblemas e cores do escudo s\u00e3o rigidamente codificados. O monarca chama a si o poder de conceder bras\u00f5es de armas, como forma de recompensar os servi\u00e7os dos seus cavaleiros, acompanhando normalmente a doa\u00e7\u00e3o de senhorios ou terras; os arautos-de-armas, funcion\u00e1rios r\u00e9gios encarregues de coordenar o uso de emblemas her\u00e1ldicos, criam regras de concep\u00e7\u00e3o de bras\u00f5es com vista \u00e0 sua f\u00e1cil visualiza\u00e7\u00e3o e identifica\u00e7\u00e3o. Da\u00ed o uso de cores contrastadas e de figuras simples, caracter\u00edsticas da her\u00e1ldica mais antiga.<\/p>\n<p>Este sistema de identifica\u00e7\u00e3o pessoal torna-se, a partir do s\u00e9culo XII, heredit\u00e1rio e passa a representar uma fam\u00edlia ou linhagem. Desde o s\u00e9culo XIII, regista-se o uso de bras\u00f5es de armas por parte de mulheres, o que comprova que os mesmos eram j\u00e1 verdadeiros emblemas pessoais, e n\u00e3o uma simples transposi\u00e7\u00e3o das armas de combate dos cavaleiros. Tinha assim nascido a Her\u00e1ldica.<\/p>\n<p>Embora s\u00f3 no inic\u00edo do s\u00e9culo XV, o Rei D.Manuel 1\u00ba tenha reunido os Bras\u00f5es, Ins\u00edgnias e Letreiros, para organizar e normalizar o uso das armas e a concess\u00e3o de Bras\u00f5es, estes na sua configura\u00e7\u00e3o que se apresentam, surgiram na idade m\u00e9dia, na forma de s\u00edmbolos desenhados no escudo e servia para identificar os companheiros de batalha que lutavam por um Senhor, tendo acontecido com maior intensidade a partir da Cruzadas.<\/p>\n<p>Durante as Cruzadas, ( tiveram inicio com S\u00e9rgio 5\u00ba, em 1009 e, de forma organizada com o Papa Urbano 2\u00ba ), os Nobres e Cavaleiros foram-se destacando, e cada familia passou a ter o seu pr\u00f3prio escudo, gerando igualmente o Bras\u00e3o de Fam\u00edlia.<\/p>\n","protected":false},"excerpt":{"rendered":"<p>A utiliza\u00e7\u00e3o de determinados s\u00edmbolos e cores como forma de identificar indiv\u00edduos, fam\u00edlias, tribos ou cl\u00e3s \u00e9 um fen\u00f3meno universal e com ra\u00edzes remot\u00edssimas. \u00c9 imposs\u00edvel determinar com rigor quando teve in\u00edcio a pr\u00e1tica de empregar s\u00edmbolos como marcas de posse; ainda antes do seu aparecimento nos escudos, encontram-se emblemas proto-her\u00e1ldicos em selos (de cera [&hellip;]<\/p>\n","protected":false},"author":3,"featured_media":0,"parent":0,"menu_order":0,"comment_status":"closed","ping_status":"closed","template":"","meta":{"footnotes":""},"class_list":["post-185","page","type-page","status-publish","hentry"],"_links":{"self":[{"href":"https:\/\/www.brasoesdefamilia.pt\/wordpress\/index.php?rest_route=\/wp\/v2\/pages\/185","targetHints":{"allow":["GET"]}}],"collection":[{"href":"https:\/\/www.brasoesdefamilia.pt\/wordpress\/index.php?rest_route=\/wp\/v2\/pages"}],"about":[{"href":"https:\/\/www.brasoesdefamilia.pt\/wordpress\/index.php?rest_route=\/wp\/v2\/types\/page"}],"author":[{"embeddable":true,"href":"https:\/\/www.brasoesdefamilia.pt\/wordpress\/index.php?rest_route=\/wp\/v2\/users\/3"}],"replies":[{"embeddable":true,"href":"https:\/\/www.brasoesdefamilia.pt\/wordpress\/index.php?rest_route=%2Fwp%2Fv2%2Fcomments&post=185"}],"version-history":[{"count":2,"href":"https:\/\/www.brasoesdefamilia.pt\/wordpress\/index.php?rest_route=\/wp\/v2\/pages\/185\/revisions"}],"predecessor-version":[{"id":187,"href":"https:\/\/www.brasoesdefamilia.pt\/wordpress\/index.php?rest_route=\/wp\/v2\/pages\/185\/revisions\/187"}],"wp:attachment":[{"href":"https:\/\/www.brasoesdefamilia.pt\/wordpress\/index.php?rest_route=%2Fwp%2Fv2%2Fmedia&parent=185"}],"curies":[{"name":"wp","href":"https:\/\/api.w.org\/{rel}","templated":true}]}}

Contextualização histórica da Héraldica e respectivos Brasões em Portugal

<p>A utilização de determinados símbolos e cores como forma de identificar indivíduos, famílias, tribos ou clãs é um fenómeno universal e com raízes remotíssimas. É impossível determinar com rigor quando teve início a prática de empregar símbolos como marcas de posse; ainda antes do seu aparecimento nos escudos, encontram-se emblemas proto-heráldicos em selos (de cera ou chumbo) e sinetes. A Heráldica é um aspecto particular desta tendência humana, que se tornou, na Idade Média Europeia, num sistema com regras precisas e aplicação generalizada.</p>
<p>Não existe uniformidade de opiniões entre os historiadores sobre o momento em que se pode situar o nascimento da Heráldica. Durante muito tempo foi corrente relacionar-se o início do uso de emblemas de natureza heráldica no Ocidente com as Cruzadas, devido ao contacto com a cultura oriental. É um facto que a heráldica tem semelhanças com a simbologia árabe; por outro lado, os Cruzados empregavam a cruz, sob diversas formas, como forma de se reconhecerem, e a cruz é uma das peças heráldicas mais antigas; mas, para além de uma coincidência cronológica, não está provado que tenha sido com as Cruzadas que o mundo medieval adoptou o sistema de identificação pessoal que se veio a tornar na Heráldica. Inclusivamente, os primeiros Cruzados já levavam consigo escudos pintados e emblemas heráldicos&#8230;</p>
<p>Uma teoria recente (de meados do século XX&#8230;) faz recuar as origens da Heráldica para a invasão árabe de 711. A comprovar-se, então a Heráldica teria nascido na Península Ibérica, o que explicaria a simplicidade e pureza heráldica de alguns dos brasões de armas mais antigos da Península (como, por exemplo, os escudos de Leão, Castela, Navarra e Aragão, e o escudo presumível de D. Afonso Henriques, as primeiras armas de Portugal).</p>
<p>Seja como for, parece indiscutível que o uso organizado e codificado de símbolos heráldicos apenas se verificou a partir do século XII, como resultado da evolução de símbolos e marcas de posse muito mais antigas.</p>
<p>Mas a Heráldica não se pode dissociar dos cavaleiros medievais e, particularmente, da guerra e dos torneios.</p>
<p>O uso de armaduras completas e, muito particularmente, dos elmos que cobriam completamente o rosto tornou necessário um sistema de identificação claro e facilmente visível de longe. Um cavaleiro medieval dentro da sua armadura era virtualmente impossível de distinguir, no calor de uma batalha ou desde a bancada de um torneio, de qualquer outro com uma armadura semelhante; os reis e chefes militares eram difíceis de identificar e seguir; durante um combate, amigos e inimigos confundiam-se. Estes factores levaram, desde meados do século XII, ao uso de emblemas pessoais pintados nos escudos e elmos e, por vezes, nas roupas do cavaleiro ou na cobertura da montada.</p>
<p>Nos torneios, os elmos eram, quase sempre, encimados por uma figura em relevo (frequentemente uma peça do escudo), o timbre, que mais facilitava a identificação dos contendores.</p>
<p>O uso de escudos pintados com símbolos pessoais generaliza-se rapidamente, e é adoptado por toda a classe guerreira e, de uma forma geral, por toda a aristocracia (e mesmo por alguns municípios e corporações, que transpõem para selos os emblemas proto-heráldicos das bandeiras que empunhavam nas batalhas).</p>
<p>Cada novo cavaleiro assume as suas armas em função de diversos factores, como a linhagem, o território, as relações familiares ou os compromissos feudais.</p>
<p>Para evitar duplicações e confusões, os emblemas e cores do escudo são rigidamente codificados. O monarca chama a si o poder de conceder brasões de armas, como forma de recompensar os serviços dos seus cavaleiros, acompanhando normalmente a doação de senhorios ou terras; os arautos-de-armas, funcionários régios encarregues de coordenar o uso de emblemas heráldicos, criam regras de concepção de brasões com vista à sua fácil visualização e identificação. Daí o uso de cores contrastadas e de figuras simples, características da heráldica mais antiga.</p>
<p>Este sistema de identificação pessoal torna-se, a partir do século XII, hereditário e passa a representar uma família ou linhagem. Desde o século XIII, regista-se o uso de brasões de armas por parte de mulheres, o que comprova que os mesmos eram já verdadeiros emblemas pessoais, e não uma simples transposição das armas de combate dos cavaleiros. Tinha assim nascido a Heráldica.</p>
<p>Embora só no inicío do século XV, o Rei D.Manuel 1º tenha reunido os Brasões, Insígnias e Letreiros, para organizar e normalizar o uso das armas e a concessão de Brasões, estes na sua configuração que se apresentam, surgiram na idade média, na forma de símbolos desenhados no escudo e servia para identificar os companheiros de batalha que lutavam por um Senhor, tendo acontecido com maior intensidade a partir da Cruzadas.</p>
<p>Durante as Cruzadas, ( tiveram inicio com Sérgio 5º, em 1009 e, de forma organizada com o Papa Urbano 2º ), os Nobres e Cavaleiros foram-se destacando, e cada familia passou a ter o seu próprio escudo, gerando igualmente o Brasão de Família.</p>

<p>A utilização de determinados símbolos e cores como forma de identificar indivíduos, famílias, tribos ou clãs é um fenómeno universal e com raízes remotíssimas. É impossível determinar com rigor quando teve início a prática de empregar símbolos como marcas de posse; ainda antes do seu aparecimento nos escudos, encontram-se emblemas proto-heráldicos em selos (de cera [&hellip;]</p>
