{"id":8,"date":"2014-10-09T13:00:15","date_gmt":"2014-10-09T13:00:15","guid":{"rendered":"http:\/\/www.brasoesdefamilia.pt\/wordpress\/?page_id=8"},"modified":"2016-01-22T19:58:25","modified_gmt":"2016-01-22T19:58:25","slug":"quem-somos","status":"publish","type":"page","link":"https:\/\/www.brasoesdefamilia.pt\/wordpress\/?page_id=8","title":{"rendered":"Quem Somos"},"content":{"rendered":"<p><strong><span style=\"font-family: 'Berkshire Swash', handwriting; color: #000000;\">Somos uma empresa sediada na Figueira da Foz, Portugal, e que \u00e0 alguns anos a esta parte se dedica \u00e0 comercializa\u00e7\u00e3o de artigos de her\u00e1ldica, dispondo de uma base de dados a n\u00edvel europeu\u00a0 com\u00a0 os bras\u00f5es de fam\u00edlia\u00a0 e respectiva\u00a0 descri\u00e7\u00e3o das armas e sua atribui\u00e7\u00e3o, para al\u00e9m\u00a0 de livros especializados nesta arte,\u00a0 estando presentes nos mais diversos tipos de eventos, dos quais destacamos as feiras medievais,\u00a0 de norte a sul do pa\u00eds<\/span><\/strong><\/p>\n<p><strong><span style=\"font-family: 'Berkshire Swash', handwriting; color: #000000;\">Para al\u00e9m dos nossos pr\u00f3prios artigos, tamb\u00e9m executamos trabalhos de acordo com as prefer\u00eancias de cada cliente, quer sejam particulares, colectivas ou institui\u00e7\u00f5es p\u00fablicas.<\/span><\/strong><\/p>\n","protected":false},"excerpt":{"rendered":"<p>Somos uma empresa sediada na Figueira da Foz, Portugal, e que \u00e0 alguns anos a esta parte se dedica \u00e0 comercializa\u00e7\u00e3o de artigos de her\u00e1ldica, dispondo de uma base de dados a n\u00edvel europeu\u00a0 com\u00a0 os bras\u00f5es de fam\u00edlia\u00a0 e respectiva\u00a0 descri\u00e7\u00e3o das armas e sua atribui\u00e7\u00e3o, para al\u00e9m\u00a0 de livros especializados nesta arte,\u00a0 estando [&hellip;]<\/p>\n","protected":false},"author":3,"featured_media":0,"parent":0,"menu_order":0,"comment_status":"open","ping_status":"closed","template":"","meta":{"footnotes":""},"class_list":["post-8","page","type-page","status-publish","hentry"],"_links":{"self":[{"href":"https:\/\/www.brasoesdefamilia.pt\/wordpress\/index.php?rest_route=\/wp\/v2\/pages\/8","targetHints":{"allow":["GET"]}}],"collection":[{"href":"https:\/\/www.brasoesdefamilia.pt\/wordpress\/index.php?rest_route=\/wp\/v2\/pages"}],"about":[{"href":"https:\/\/www.brasoesdefamilia.pt\/wordpress\/index.php?rest_route=\/wp\/v2\/types\/page"}],"author":[{"embeddable":true,"href":"https:\/\/www.brasoesdefamilia.pt\/wordpress\/index.php?rest_route=\/wp\/v2\/users\/3"}],"replies":[{"embeddable":true,"href":"https:\/\/www.brasoesdefamilia.pt\/wordpress\/index.php?rest_route=%2Fwp%2Fv2%2Fcomments&post=8"}],"version-history":[{"count":7,"href":"https:\/\/www.brasoesdefamilia.pt\/wordpress\/index.php?rest_route=\/wp\/v2\/pages\/8\/revisions"}],"predecessor-version":[{"id":603,"href":"https:\/\/www.brasoesdefamilia.pt\/wordpress\/index.php?rest_route=\/wp\/v2\/pages\/8\/revisions\/603"}],"wp:attachment":[{"href":"https:\/\/www.brasoesdefamilia.pt\/wordpress\/index.php?rest_route=%2Fwp%2Fv2%2Fmedia&parent=8"}],"curies":[{"name":"wp","href":"https:\/\/api.w.org\/{rel}","templated":true}]}}